t of 80601729?
8
What is the millions digit of 4002440550?
2
What is the millions digit of 554700298?
4
What is the hundreds digit of 108867088?
0
What is the units digit of 717073188?
8
What is the thousands digit of 1113429023?
9
What is the millions digit of 12028811?
2
What is the millions digit of 774619969?
4
What is the hundreds digit of 685108967?
9
What is the ten millions digit of 3638638700?
3
What is the ten thousands digit of 24951811?
5
What is the millions digit of 4369462578?
9
What is the units digit of 72225329?
9
What is the hundred millions digit of 329861136?
3
What is the millions digit of 843778642?
3
What is the hundred millions digit of 3575687935?
5
What is the tens digit of 280462842?
4
What is the hundreds digit of 96953821?
8
What is the thousands digit of 22039520?
9
What is the thousands digit of 243597256?
7
What is the hundred thousands digit of 4840916459?
9
What is the millions digit of 81115035?
1
What is the ten millions digit of 341517963?
4
What is the thousands digit of 715453395?
3
What is the millions digit of 468722137?
8
What is the ten thousands digit of 47349829?
4
What is the ten millions digit of 22728260?
2
What is the ten millions digit of 415096088?
1
What is the millions digit of 688013218?
8
What is the millions digit of 128876301?
8
What is the ten thousands digit of 66999004?
9
What is the hundred thousands digit of 226577605?
5
What is the ten thousands digit of 161452738?
5
What is the ten millions digit of 29842722?
2
What is the hundred millions digit of 389975293?
3
What is the tens digit of 92222?
2
What is the hundreds digit of 62792846?
8
What is the units digit of 56464970?
0
What is the thousands digit of 8484217848?
7
What is the thousands digit of 737448802?
8
What is the tens digit of 34517733?
3
What is the ten thousands digit of 46476720?
7
What is the hundreds digit of 40520365?
3
What is the ten thousands digit of 24429878?
2
What is the hundred thousands digit of 371965628?
9
What is the thousands digit of 37730986?
0
What is the hundred thousands digit of 166523109?
5
What is the tens digit of 338105230?
3
What is the thousands digit of 976031969?
1
What is the units digit of 26536026?
6
What is the hundreds digit of 8723715068?
0
What is the ten thousands digit of 6782968?
8
What is the thousands digit of 2297252518?
2
What is the millions digit of 30272975?
0
What is the hundreds digit of 4264297724?
7
What is the tens digit of 85424885?
8
What is the hundred thousands digit of 335251398?
2
What is the billions digit of 1853135045?
1
What is the hundred thousands digit of 293377053?
3
What is the tens digit of 1052070537?
3
What is the hundred thousands digit of 658552280?
5
What is the millions digit of 23156808?
3
What is the thousands digit of 59663287?
3
What is the ten millions digit of 5346419432?
4
What is the thousands digit of 1105445727?
5
What is the hundred millions digit of 107794391?
1
What is the ten thousands digit of 52124252?
2
What is the hundred thousands digit of 728574507?
5
What is the millions digit of 31273894?
1
What is the tens digit of 272435465?
6
What is the tens digit of 42167799?
9
What is the ten millions digit of 45461792?
4
What is the hundred millions digit of 430723146?
4
What is the hundreds digit of 104244807?
8
What is the ten thousands digit of 7279204?
7
What is the units digit of 3302935574?
4
What is the units digit of 80837867?
7
What is the hundred thousands digit of 3567700951?
7
What is the units digit of 83126593?
3
What is the billions digit of 2220345610?
2
What is the hundred millions digit of 127231639?
1
What is the thousands digit of 44623887?
3
What is the hundreds digit of 79899854?
8
What is the hundreds digit of 13356529?
5
What is the hundred millions digit of 197557441?
1
What is the ten thousands digit of 1339224873?
2
What is the billions digit of 2766097305?
2
What is the ten millions digit of 11367143?
1
What is the hundreds digit of 1044692311?
3
What is the hundreds digit of 3897365995?
9
What is the tens digit of 286257621?
2
What is the hundred thousands digit of 72221196?
2
What is the units digit of 6234954492?
2
What is the thousands digit of 117498570?
8
What is the units digit of 2065770296?
6
What is the millions digit of 3520961031?
0
What is the ten thousands digit of 2684869525?
6
What is the hundreds digit of 90499737?
7
What is the tens digit of 317969831?
3
What is the millions digit of 38484117?
8
What is the thousands digit of 4955688?
5
What is the ten millions digit of 45157153?
4
What is the billions digit of 1073974945?
1
What is the hundred millions digit of 902381623?
9
What is the tens digit of 362218404?
0
What is the millions digit of 29135428?
9
What is the hundred millions digit of 239005999?
2
What is the units digit of 473489452?
2
What is the billions digit of 2535599017?
2
What is the units digit of 7027365552?
2
What is the hundred thousands digit of 2596766114?
7
What is the tens digit of 20183661?
6
What is the millions digit of 4894881?
4
What is the hundreds digit of 237491796?
7
What is the hundred millions digit of 2579821574?
5
What is the thousands digit of 170626834?
6
What is the millions digit of 107854754?
7
What is the thousands digit of 5095073?
5
What is the units digit of 1800482734?
4
What is the tens digit of 607206664?
6
What is the tens digit of 110750236?
3
What is the units digit of 222556591?
1
What is the ten millions digit of 46894030?
4
What is the billions digit of 2191462190?
2
What is the units digit of 192347381?
1
What is the thousands digit of 44655712?
5
What is the hundreds digit of 206245256?
2
What is the ten millions digit of 50574371?
5
What is the tens digit of 527091897?
9
What is the hundred millions digit of 215928803?
2
What is the hundreds digit of 5699769?
7
What is the millions digit of 54181799?
4
What is the ten millions digit of 77332334?
7
What is the units digit of 578518461?
1
What is the ten thousands digit of 10965723?
6
What is the units digit of 178294255?
5
What is the ten millions digit of 71686978?
7
What is the hundred thousands digit of 45830031?
8
What is the ten thousands digit of 6429024226?
2
What is the units digit of 108223657?
7
What is the ten thousands digit of 173541212?
4
What is the ten thousands digit of 87905029?
0
What is the millions digit of 335478017?
5
What is the units digit of 1337153927?
7
What is the millions digit of 21132003?
1
What is the units digit of 2756030999?
9
What is the hundreds digit of 1730530879?
8
What is the hundreds digit of 152920987?
9
What is the ten thousands digit of 973925405?
2
What is the hundred thousands digit of 533383415?
3
What is the billions digit of 3209641643?
3
What is the thousands digit of 8324737243?
7
What is the thousands digit of 701925977?
5
What is the hundreds digit of 2036537828?
8
What is the units digit of 73473079?
9
What is the ten thousands digit of 4871769954?
6
What is the hundreds digit of 1177776830?
8
What is the ten thousands digit of 70835959?
3
What is the thousands digit of 292874588?
4
What is the hundreds digit of 114595529?
5
What is the ten thousands digit of 44749827?
4
What is the ten thousands digit of 1848426?
4
What is the millions digit of 2920787665?
0
What is the hundred thousands digit of 49234755?
2
What is the millions digit of 448818505?
8
What is the millions digit of 298837383?
8
What is the units digit of 71563917?
7
What is the tens digit of 5123524?
2
What is the hundreds digit of 45177413?
4
What is the millions digit of 10988524?
0
What is the hundred thousands digit of 66833042?
8
What is the units digit of 225144577?
7
What is the thousands digit of 216190500?
0
What is the hundreds digit of 526422773?
7
What is the ten thousands digit of 429446906?
4
What is the tens digit of 439985578?
7
What is the hundred thousands digit of 56045626?
0
What is the ten millions digit of 130105396?
3
What is the ten thousands digit of 1998393391?
9
What is the hundreds digit of 5162814?
8
What is the millions digit of 2276830107?
6
What is the thousands digit of 10722402?
2
What is the units digit of 1192330182?
2
What is the millions digit of 1865798249?
5
What is the hundreds digit of 598744405?
4
What is the mill